{"id":224,"date":"2024-02-19T20:33:58","date_gmt":"2024-02-19T19:33:58","guid":{"rendered":"http:\/\/yss.gamba.dk\/?page_id=224"},"modified":"2024-02-20T13:24:39","modified_gmt":"2024-02-20T12:24:39","slug":"raymarine","status":"publish","type":"page","link":"https:\/\/yss.gamba.dk\/index.php\/raymarine\/","title":{"rendered":"Raymarine"},"content":{"rendered":"\n<div style=\"height:67px\" aria-hidden=\"true\" class=\"wp-block-spacer\"><\/div>\n\n\n\n<figure class=\"wp-block-image size-full is-resized\"><img loading=\"lazy\" decoding=\"async\" width=\"1000\" height=\"174\" src=\"http:\/\/yss.gamba.dk\/wp-content\/uploads\/2024\/02\/raymarine-marine-electronics.png\" alt=\"\" class=\"wp-image-263\" style=\"width:289px;height:auto\" srcset=\"https:\/\/yss.gamba.dk\/wp-content\/uploads\/2024\/02\/raymarine-marine-electronics.png 1000w, https:\/\/yss.gamba.dk\/wp-content\/uploads\/2024\/02\/raymarine-marine-electronics-300x52.png 300w, https:\/\/yss.gamba.dk\/wp-content\/uploads\/2024\/02\/raymarine-marine-electronics-768x134.png 768w\" sizes=\"auto, (max-width: 1000px) 100vw, 1000px\" \/><\/figure>\n\n\n\n<p>Yacht Service Sj\u00e6lland er autoriseret Raymarine forhandler med salg og installation af Raymarine marineelektronik. Vi har ingen fysisk butik men er klar til b\u00e5de store og sm\u00e5 opgaver. S\u00e5 kontakt os gerne for et godt tilbud til din b\u00e5d.<\/p>\n\n\n\n<p>Med \u00e5rtiers historie, hvor Raymarine har v\u00e6ret i f\u00f8res\u00e6det n\u00e5r det kommer til teknologi ombord, har Raymarine rykket gr\u00e6nser for at hj\u00e6lpe sejlere. G\u00f8r dig klar til at tage med os ud p\u00e5 det n\u00e6ste eventyr og udnyt din b\u00e5ds fulde potentiale p\u00e5 vandet.<\/p>\n\n\n\n<h2 class=\"wp-block-heading\">Vi forhandler og samarbejder ogs\u00e5 med f\u00f8lgende<\/h2>\n\n\n\n<div class=\"wp-block-columns is-layout-flex wp-container-core-columns-is-layout-9d6595d7 wp-block-columns-is-layout-flex\">\n<div class=\"wp-block-column is-vertically-aligned-center is-layout-flow wp-block-column-is-layout-flow\">\n<p>Palby Marine A\/S er en del af Nautec Group, som foruden Palby ogs\u00e5 best\u00e5r af Flak AS (NO) og Nautec AB (SE). Sammen er Palby Marine den st\u00f8rste og mest komplette marinegrossist-gruppe i Norden.<\/p>\n<\/div>\n\n\n\n<div class=\"wp-block-column is-layout-flow wp-block-column-is-layout-flow\" style=\"flex-basis:100px\">\n<p><\/p>\n<\/div>\n\n\n\n<div class=\"wp-block-column is-layout-flow wp-block-column-is-layout-flow\" style=\"flex-basis:300px\">\n<figure class=\"wp-block-image size-full\"><img loading=\"lazy\" decoding=\"async\" width=\"296\" height=\"69\" src=\"http:\/\/yss.gamba.dk\/wp-content\/uploads\/2024\/02\/palby.png\" alt=\"\" class=\"wp-image-659\"\/><\/figure>\n<\/div>\n<\/div>\n\n\n\n<div class=\"wp-block-columns is-layout-flex wp-container-core-columns-is-layout-9d6595d7 wp-block-columns-is-layout-flex\">\n<div class=\"wp-block-column is-vertically-aligned-center is-layout-flow wp-block-column-is-layout-flow\">\n<p>Hos Columbus Marine er kvalitet et n\u00f8gleord og repr\u00e6senterer i dag nogle af verdens bedste producenter af godt grej til b\u00e5de.<\/p>\n<\/div>\n\n\n\n<div class=\"wp-block-column is-layout-flow wp-block-column-is-layout-flow\" style=\"flex-basis:100px\">\n<p><\/p>\n<\/div>\n\n\n\n<div class=\"wp-block-column is-vertically-aligned-top is-layout-flow wp-block-column-is-layout-flow\" style=\"flex-basis:300px\">\n<figure class=\"wp-block-image size-full\"><img loading=\"lazy\" decoding=\"async\" width=\"291\" height=\"60\" src=\"http:\/\/yss.gamba.dk\/wp-content\/uploads\/2024\/02\/columbus.png\" alt=\"\" class=\"wp-image-661\"\/><\/figure>\n<\/div>\n<\/div>\n\n\n\n<div class=\"wp-block-columns is-layout-flex wp-container-core-columns-is-layout-9d6595d7 wp-block-columns-is-layout-flex\">\n<div class=\"wp-block-column is-vertically-aligned-center is-layout-flow wp-block-column-is-layout-flow\">\n<p>ScanMarine DK distribuerer sikkerheds-, kommunikations- og marineudstyr til de maritime erhverv: forsvaret, ship-supply, v\u00e6rfter samt marinebutikker i Skandinavien.<\/p>\n<\/div>\n\n\n\n<div class=\"wp-block-column is-layout-flow wp-block-column-is-layout-flow\" style=\"flex-basis:100px\">\n<p><\/p>\n<\/div>\n\n\n\n<div class=\"wp-block-column is-layout-flow wp-block-column-is-layout-flow\" style=\"flex-basis:300px\">\n<figure class=\"wp-block-image size-full\"><img loading=\"lazy\" decoding=\"async\" width=\"296\" height=\"87\" src=\"http:\/\/yss.gamba.dk\/wp-content\/uploads\/2024\/02\/scanmarine.png\" alt=\"\" class=\"wp-image-660\"\/><\/figure>\n<\/div>\n<\/div>\n\n\n\n<div class=\"wp-block-columns is-layout-flex wp-container-core-columns-is-layout-9d6595d7 wp-block-columns-is-layout-flex\">\n<div class=\"wp-block-column is-vertically-aligned-center is-layout-flow wp-block-column-is-layout-flow\">\n<p>BOATERY er en moderne og innovativ b\u00e5dm\u00e6gler der er drevet af at skabe en effektiv, fair og transparent b\u00e5dhandel for alle involverede parter.<\/p>\n<\/div>\n\n\n\n<div class=\"wp-block-column is-layout-flow wp-block-column-is-layout-flow\" style=\"flex-basis:100px\">\n<p><\/p>\n<\/div>\n\n\n\n<div class=\"wp-block-column is-layout-flow wp-block-column-is-layout-flow\" style=\"flex-basis:300px\">\n<figure class=\"wp-block-image size-full\"><img loading=\"lazy\" decoding=\"async\" width=\"255\" height=\"70\" src=\"http:\/\/yss.gamba.dk\/wp-content\/uploads\/2024\/02\/boatery.png\" alt=\"\" class=\"wp-image-662\"\/><\/figure>\n<\/div>\n<\/div>\n","protected":false},"excerpt":{"rendered":"<p>Yacht Service Sj\u00e6lland er autoriseret Raymarine forhandler med salg og installation af Raymarine marineelektronik. Vi har ingen fysisk butik men er klar til b\u00e5de store og sm\u00e5 opgaver. S\u00e5 kontakt os gerne for et godt tilbud til din b\u00e5d. Med \u00e5rtiers historie, hvor Raymarine har v\u00e6ret i f\u00f8res\u00e6det n\u00e5r det kommer til teknologi ombord, har&hellip;&nbsp;<a href=\"https:\/\/yss.gamba.dk\/index.php\/raymarine\/\" class=\"\" rel=\"bookmark\">L\u00e6s mere &raquo;<span class=\"screen-reader-text\">Raymarine<\/span><\/a><\/p>\n","protected":false},"author":1,"featured_media":0,"parent":0,"menu_order":0,"comment_status":"closed","ping_status":"closed","template":"","meta":{"neve_meta_sidebar":"","neve_meta_container":"","neve_meta_enable_content_width":"","neve_meta_content_width":0,"neve_meta_title_alignment":"","neve_meta_author_avatar":"","neve_post_elements_order":"","neve_meta_disable_header":"","neve_meta_disable_footer":"","neve_meta_disable_title":"on","ngg_post_thumbnail":0,"footnotes":""},"class_list":["post-224","page","type-page","status-publish","hentry"],"_links":{"self":[{"href":"https:\/\/yss.gamba.dk\/index.php\/wp-json\/wp\/v2\/pages\/224","targetHints":{"allow":["GET"]}}],"collection":[{"href":"https:\/\/yss.gamba.dk\/index.php\/wp-json\/wp\/v2\/pages"}],"about":[{"href":"https:\/\/yss.gamba.dk\/index.php\/wp-json\/wp\/v2\/types\/page"}],"author":[{"embeddable":true,"href":"https:\/\/yss.gamba.dk\/index.php\/wp-json\/wp\/v2\/users\/1"}],"replies":[{"embeddable":true,"href":"https:\/\/yss.gamba.dk\/index.php\/wp-json\/wp\/v2\/comments?post=224"}],"version-history":[{"count":18,"href":"https:\/\/yss.gamba.dk\/index.php\/wp-json\/wp\/v2\/pages\/224\/revisions"}],"predecessor-version":[{"id":676,"href":"https:\/\/yss.gamba.dk\/index.php\/wp-json\/wp\/v2\/pages\/224\/revisions\/676"}],"wp:attachment":[{"href":"https:\/\/yss.gamba.dk\/index.php\/wp-json\/wp\/v2\/media?parent=224"}],"curies":[{"name":"wp","href":"https:\/\/api.w.org\/{rel}","templated":true}]}}