{"id":219,"date":"2024-02-19T20:27:03","date_gmt":"2024-02-19T19:27:03","guid":{"rendered":"http:\/\/yss.gamba.dk\/?page_id=219"},"modified":"2024-02-20T15:00:15","modified_gmt":"2024-02-20T14:00:15","slug":"baadopbevaring","status":"publish","type":"page","link":"https:\/\/yss.gamba.dk\/index.php\/baadopbevaring\/","title":{"rendered":"B\u00e5dopbevaring"},"content":{"rendered":"\n<p><\/p>\n\n\n\n<h2 class=\"wp-block-heading\">B\u00e5dopbevaring hos Yacht Service Sj\u00e6lland ApS i afl\u00e5ste haller eller udend\u00f8rs p\u00e5 Nyk\u00f8bing Sj\u00e6lland havn.<\/h2>\n\n\n\n<div class=\"wp-block-columns is-layout-flex wp-container-core-columns-is-layout-9d6595d7 wp-block-columns-is-layout-flex\">\n<div class=\"wp-block-column is-layout-flow wp-block-column-is-layout-flow\">\n<p>B\u00e5doptagning og senere s\u00f8s\u00e6tning samt intern transport ved ind- og udk\u00f8rsel fra haller eller landplads aftales og koordineres med Yacht Service Sj\u00e6lland ApS. Se planlagte krandage under menupunkt (PRAKTISK INFORMATIONER), andre krandage kan aftales individuelt. Max. v\u00e6gt for optagning og s\u00f8s\u00e6tning af b\u00e5de er 23 tons.<\/p>\n\n\n\n<p><strong><em>Max. porth\u00f8jde i vores haller er 6,70 meter.<\/em><\/strong><\/p>\n\n\n\n<p>B\u00e5dene k\u00f8res p\u00e5 din egen b\u00e5dvogn eller transportstativ fra kajkant og ind i hallen eller udend\u00f8rs, hvor den henst\u00e5r i vinterperioden der str\u00e6kker sig fra 1. okt. til 30. april. Har du ikke selv b\u00e5dvogn eller transportstativ, kan du leje materiellet af os.<br>Renspuling af undervandsskrog og evt. afvaskning af fribord og d\u00e6k skal udf\u00f8res inden b\u00e5den k\u00f8res i hal, ligesom motorer skal v\u00e6re vinterkonserveret inden inds\u00e6tning i hal.<\/p>\n\n\n\n<p><br>P\u00e5 de fastlagte optagnings- og s\u00f8s\u00e6tningsdage er vores personale tilstede og tilbyder hj\u00e6lp til de serviceopgaver du m\u00e5tte have behov for (se g\u00e6ldende takster under menupunkt (PRAKTISK INFORMATIONER &#8211; G\u00c6LDENDE PRISLISTE). Du har altid<br>mulighed for selv at afvaske og renspule din b\u00e5d samt \u00f8vrige serviceopgaver (selvgjort er jo velgjort).<\/p>\n\n\n\n<p>\u00d8nsker du et tilbud p\u00e5 b\u00e5dopbevaring, er du velkommen til at sende de relevante oplysninger p\u00e5 din b\u00e5d. Blanketten kan findes under menupunkt (PRAKTISK INFORMATIONER &#8211; TILBUD B\u00c5DOPBEVARING).<\/p>\n\n\n\n<p>\u00d8nsker du yderligere oplysninger, om hvordan vi kan hj\u00e6lpe dig med din b\u00e5d, vil det gl\u00e6de os at modtage en henvendelse fra dig.<br>Vi passer p\u00e5 dine v\u00e6rdier.<br><\/p>\n<\/div>\n\n\n\n<div class=\"wp-block-column is-vertically-aligned-center is-layout-flow wp-block-column-is-layout-flow\" style=\"flex-basis:100px\"><\/div>\n\n\n\n<div class=\"wp-block-column is-vertically-aligned-top is-layout-flow wp-block-column-is-layout-flow\" style=\"flex-basis:410px\">\n<figure class=\"wp-block-image size-full is-resized\"><img loading=\"lazy\" decoding=\"async\" width=\"378\" height=\"283\" src=\"http:\/\/yss.gamba.dk\/wp-content\/uploads\/2024\/02\/stativ.png\" alt=\"\" class=\"wp-image-596\" style=\"width:410px;height:auto\" srcset=\"https:\/\/yss.gamba.dk\/wp-content\/uploads\/2024\/02\/stativ.png 378w, https:\/\/yss.gamba.dk\/wp-content\/uploads\/2024\/02\/stativ-300x225.png 300w\" sizes=\"auto, (max-width: 378px) 100vw, 378px\" \/><\/figure>\n\n\n\n<p><\/p>\n\n\n\n<figure class=\"wp-block-image size-full is-resized\"><img loading=\"lazy\" decoding=\"async\" width=\"547\" height=\"283\" src=\"http:\/\/yss.gamba.dk\/wp-content\/uploads\/2024\/02\/baadvogn.png\" alt=\"\" class=\"wp-image-597\" style=\"width:410px\" srcset=\"https:\/\/yss.gamba.dk\/wp-content\/uploads\/2024\/02\/baadvogn.png 547w, https:\/\/yss.gamba.dk\/wp-content\/uploads\/2024\/02\/baadvogn-300x155.png 300w\" sizes=\"auto, (max-width: 547px) 100vw, 547px\" \/><\/figure>\n\n\n\n<p><\/p>\n\n\n\n<figure class=\"wp-block-image size-full is-resized\"><img loading=\"lazy\" decoding=\"async\" width=\"451\" height=\"338\" src=\"http:\/\/yss.gamba.dk\/wp-content\/uploads\/2024\/02\/hal-1.png\" alt=\"\" class=\"wp-image-77\" style=\"width:410px\" srcset=\"https:\/\/yss.gamba.dk\/wp-content\/uploads\/2024\/02\/hal-1.png 451w, https:\/\/yss.gamba.dk\/wp-content\/uploads\/2024\/02\/hal-1-300x225.png 300w\" sizes=\"auto, (max-width: 451px) 100vw, 451px\" \/><\/figure>\n<\/div>\n<\/div>\n","protected":false},"excerpt":{"rendered":"<p>B\u00e5dopbevaring hos Yacht Service Sj\u00e6lland ApS i afl\u00e5ste haller eller udend\u00f8rs p\u00e5 Nyk\u00f8bing Sj\u00e6lland havn. B\u00e5doptagning og senere s\u00f8s\u00e6tning samt intern transport ved ind- og udk\u00f8rsel fra haller eller landplads aftales og koordineres med Yacht Service Sj\u00e6lland ApS. Se planlagte krandage under menupunkt (PRAKTISK INFORMATIONER), andre krandage kan aftales individuelt. Max. v\u00e6gt for optagning og&hellip;&nbsp;<a href=\"https:\/\/yss.gamba.dk\/index.php\/baadopbevaring\/\" class=\"\" rel=\"bookmark\">L\u00e6s mere &raquo;<span class=\"screen-reader-text\">B\u00e5dopbevaring<\/span><\/a><\/p>\n","protected":false},"author":1,"featured_media":0,"parent":0,"menu_order":0,"comment_status":"closed","ping_status":"closed","template":"","meta":{"neve_meta_sidebar":"","neve_meta_container":"","neve_meta_enable_content_width":"","neve_meta_content_width":0,"neve_meta_title_alignment":"","neve_meta_author_avatar":"","neve_post_elements_order":"","neve_meta_disable_header":"","neve_meta_disable_footer":"","neve_meta_disable_title":"on","ngg_post_thumbnail":0,"footnotes":""},"class_list":["post-219","page","type-page","status-publish","hentry"],"_links":{"self":[{"href":"https:\/\/yss.gamba.dk\/index.php\/wp-json\/wp\/v2\/pages\/219","targetHints":{"allow":["GET"]}}],"collection":[{"href":"https:\/\/yss.gamba.dk\/index.php\/wp-json\/wp\/v2\/pages"}],"about":[{"href":"https:\/\/yss.gamba.dk\/index.php\/wp-json\/wp\/v2\/types\/page"}],"author":[{"embeddable":true,"href":"https:\/\/yss.gamba.dk\/index.php\/wp-json\/wp\/v2\/users\/1"}],"replies":[{"embeddable":true,"href":"https:\/\/yss.gamba.dk\/index.php\/wp-json\/wp\/v2\/comments?post=219"}],"version-history":[{"count":17,"href":"https:\/\/yss.gamba.dk\/index.php\/wp-json\/wp\/v2\/pages\/219\/revisions"}],"predecessor-version":[{"id":740,"href":"https:\/\/yss.gamba.dk\/index.php\/wp-json\/wp\/v2\/pages\/219\/revisions\/740"}],"wp:attachment":[{"href":"https:\/\/yss.gamba.dk\/index.php\/wp-json\/wp\/v2\/media?parent=219"}],"curies":[{"name":"wp","href":"https:\/\/api.w.org\/{rel}","templated":true}]}}